*j**2 + 57*j - 29. Determine s(9).
-2
Let i(s) = s**3 - 22*s**2 - 592*s + 12325. Calculate i(19).
-6
Let d(p) = -463*p - 6518. Determine d(-14).
-36
Let f(w) = w**3 - 74*w**2 + 353*w + 3737. Calculate f(68).
-3
Let z(n) = -162*n**2 + 9*n + 8. Give z(-1).
-163
Let b(y) = -2*y**3 - 13*y**2 + 42*y - 2. What is b(4)?
-170
Let x(i) = 8*i**2 - 5*i - 3. What is x(2)?
19
Let d(l) = -2*l**3 + 18*l**2 - 71*l + 253. Give d(6).
43
Let y(m) = -676*m - 3298. What is y(-5)?
82
Let c(y) = 221*y + 1755. What is c(-7)?
208
Let r(k) = 11*k + 1017. Give r(-96).
-39
Let g(j) = 5*j - 36. Calculate g(6).
-6
Let a(j) = -2622*j - 83900. Give a(-32).
4
Let d(h) = 2*h**3 + 2*h**2 + 9*h - 19. Determine d(2).
23
Let g(a) = 22*a**2 - 396*a - 1389. Give g(21).
-3
Let w(m) = -2*m**3 + 113*m**2 + 682*m + 6. Give w(62).
6
Let y(w) = -2*w**2 - 61*w - 382. What is y(-8)?
-22
Let l(n) = -20*n**3 - n**2 - 5*n - 5. Determine l(-1).
19
Let o(j) = -j**3 - 8*j**2 + 121*j + 41. What is o(8)?
-15
Let x(h) = -2*h**3 + 20*h**2 - 21*h + 53. Calculate x(9).
26
Let y(q) = -5*q**3 + 4*q**2 - 90*q - 91. Give y(-1).
8
Let v(t) = 5*t**2 - 129*t - 167. Calculate v(27).
-5
Let x(o) = 96*o**2 - 200*o + 4. Determine x(2).
-12
Let g(z) = -3*z**2 - 177*z - 467. Determine g(-56).
37
Let s(j) = -54*j**2 - 103*j + 104. Determine s(1).
-53
Let m(p) = 8*p**2 + 84*p + 21. Determine m(-10).
-19
Let j(m) = -m**3 + 21*m**2 + 12*m + 43. What is j(22)?
-177
Let q(t) = 14*t**2 + 956*t + 302. Give q(-68).
30
Let d(z) = z**2 + 69*z + 671. Calculate d(-57).
-13
Let z(w) = w**3 - 28*w**2 + 110*w - 243. Determine z(24).
93
Let v(c) = 2*c**3 - 4*c**2 - 29*c + 15. Calculate v(6).
129
Let u(r) = -94*r + 2609. Give u(28).
-23
Let a(x) = x**2 - 177*x + 1509. What is a(9)?
-3
Let u(h) = 96*h + 317. Determine u(-4).
-67
Let t(w) = w**2 + 150*w + 1094. What is t(-142)?
-42
Let y(c) = -3*c**3 + 28*c**2 - 10*c + 3. Give y(4).
219
Let x(b) = b**3 + 13*b**2 + 8*b - 66. What is x(0)?
-66
Let j(f) = -f**2 + 90*f - 435. Give j(5).
-10
Let i(j) = -j**2 - 105*j - 2048. What is i(-88)?
-552
Let h(m) = -m**3 + 9*m**2 + 2*m - 18. Determine h(6).
102
Let h(z) = -z**3 - 50*z**2 - 45*z + 45. Calculate h(-49).
-151
Let o(f) = -2*f**2 - 2158*f - 21380. Calculate o(-10).
0
Let o(f) = -13*f + 513. Determine o(30).
123
Let k(i) = 451*i - 2106. Calculate k(5).
149
Let b(v) = 3*v**2 + 5154*v + 10303. Give b(-2).
7
Let b(t) = 2216*t + 46526. Calculate b(-21).
-10
Let y(v) = -8*v - 106. Give y(-12).
-10
Let x(n) = -11*n - 26. Determine x(3).
-59
Let z(d) = -292*d + 83809. What is z(287)?
5
Let p(a) = -2*a**2 - 60*a - 2. Calculate p(0).
-2
Let y(k) = -35*k**2 - 27*k - 50. What is y(-2)?
-136
Let h(u) = -u**2 + 33*u + 5. Determine h(34).
-29
Let y(l) = 3*l**2 - 24*l - 80. Calculate y(-5).
115
Let h(d) = 7*d + 262. Calculate h(-37).
3
Let i(p) = 165*p - 845. What is i(13)?
1300
Let h(g) = -g**3 + 34*g**2 - 287*g + 116. What is h(20)?
-24
Let x(c) = 4*c**3 - 14*c**2 + 2*c + 11. Calculate x(3).
-1
Let h(d) = d**3 - 129*d**2 + 382*d - 487. Give h(126).
17
Let v(w) = -14*w + 454. What is v(40)?
-106
Let t(w) = -17*w - 299. Calculate t(-25).
126
Let g(w) = -8*w**2 + 745*w + 4482. Give g(-6).
-276
Let i(w) = 9*w**2 + 222*w - 81. Calculate i(-25).
-6
Let s(z) = -z**3 + 9*z**2 + 50*z - 286. Give s(4).
-6
Let g(y) = 3*y**3 - 3*y**2 - 5*y - 4. What is g(5)?
271
Let w(s) = -20*s**2 + 2197*s + 361. What is w(110)?
31
Let r(z) = 58*z - 1154. Calculate r(22).
122
Let h(a) = -a**3 + 5*a**2 + 16*a - 35. Give h(7).
-21
Let f(n) = 4*n**2 + 5*n - 15. Give f(1).
-6
Let d(h) = -286*h + 1717. Determine d(6).
1
Let u(r) = -r**3 - 15*r**2 - 56*r - 41. Calculate u(-8).
-41
Let y(c) = -18*c**2 - 70*c - 7. Calculate y(-6).
-235
Let s(l) = -3*l**3 - 7*l**2 - 21*l - 9. Give s(-2).
29
Let z(c) = c**3 + 41*c**2 + 354*c - 269. Determine z(-28).
11
Let l(b) = -b**3 - 25*b**2 + 152*b + 62. What is l(-30)?
2
Let v(n) = -74*n - 45. Give v(-2).
103
Let p(n) = 61*n**2 + 130*n + 14. Calculate p(-2).
-2
Let k(u) = -u**2 + 119*u - 2026. What is k(21)?
32
Let x(q) = -q**2 - 37*q + 306. Calculate x(-31).
492
Let n(a) = a**3 - 29*a**2 - 251*a + 4. What is n(-7)?
-3
Let q(f) = 126*f + 13487. Calculate q(-107).
5
Let m(s) = 65*s + 26. What is m(-2)?
-104
Let x(y) = 1272*y + 3811. What is x(-3)?
-5
Let h(v) = -v**3 - 7*v**2 + 5*v - 51. What is h(-8)?
-27
Let b(v) = v**2 - 25*v + 123. What is b(12)?
-33
Let l(q) = q**2 - 31*q - 27. Calculate l(25).
-177
Let v(o) = 181*o - 5239. Calculate v(29).
10
Let y(o) = -780*o + 6301. What is y(8)?
61
Let a(m) = -40*m - 1269. Determine a(-37).
211
Let n(w) = -24*w**2 + 252*w - 122. Determine n(10).
-2
Let y(g) = 127*g + 125. Calculate y(-1).
-2
Let y(k) = -56*k - 425. What is y(-7)?
-33
Let k(n) = 13*n**3 - 2*n**2 + 4*n - 10. Calculate k(2).
94
Let t(d) = d**3 + 4*d**2 - 51*d - 220. Determine t(-6).
14
Let u(l) = -20*l - 96. Give u(-10).
104
Let d(q) = -q**3 + 13*q**2 - 45*q - 30. Calculate d(9).
-111
Let z(m) = 171*m - 598. Give z(3).
-85
Let y(b) = -2*b**3 + 26*b**2 - 61*b + 451. Calculate y(12).
7
Let y(o) = -o**2 + 119*o + 2154. What is y(-16)?
-6
Let i(r) = -506*r + 1467. What is i(3)?
-51
Let b(y) = -46*y**2 - 2*y. What is b(-1)?
-44
Let m(i) = -3121*i + 87389. What is m(28)?
1
Let m(w) = -2*w**3 + 8*w**2 - 4*w + 45. Calculate m(4).
29
Let u(x) = 2*x**3 - 7*x**2 + 52*x + 23. What is u(6)?
515
Let x(l) = -22*l**2 + 243*l + 51. Determine x(9).
456
Let g(x) = 2*x**2 + 9*x + 54. Determine g(9).
297
Let j(p) = -p**3 - 66*p**2 + 508*p - 18. Calculate j(7).
-39
Let k(h) = -358*h + 5727. What is k(16)?
-1
Let k(x) = 30*x - 66. Determine k(2).
-6
Let a(d) = -3*d**3 - 33*d**2 - 32*d - 22. What is a(-9)?
-220
Let n(l) = l**3 + 2*l**2 + 120*l - 3. Give n(0).
-3
Let j(a) = 3069*a + 9190. What is j(-3)?
-17
Let s(z) = z**3 + 34*z**2 - 2*z - 21. Give s(-34).
47
Let g(f) = -107*f**3 + 5*f**2 - 2*f + 2. Calculate g(1).
-102
Let d(w) = -2*w**2 + 33*w - 5. What is d(16)?
11
Let l(u) = -3*u**2 - 305*u + 3087. What is l(-111)?
-21
Let t(a) = 957*a - 5872. Give t(6).
-130
Let i(f) = -3*f**3 - 15*f**2 + 6*f - 54. What is i(-6)?
18
Let b(r) = -75*r - 846. Determine b(-11).
-21
Let f(u) = -u**2 - 4*u + 418. Calculate f(16).
98
Let a(w) = 346*w - 2500. Determine a(9).
614
Let l(y) = -12*y**2 + 19*y - 21. What is l(1)?
-14
Let f(r) = 423*r - 622. Give f(3).
647
Let q(d) = -2*d**3 - 9*d**2 - 4*d - 1. What is q(-6)?
131
Let q(v) = -v**3 - 11*v**2 - 32*v + 41. Calculate q(-4).
57
Let o(c) = c**3 - 10*c**2 + 20*c + 19. What is o(9)?
118
Let h(n) = 86*n - 1322. Determine h(15).
-32
Let d(r) = r**3 + 22*r**2 - 188*r + 10. Calculate d(7).
115
Let c(q) = 106*q - 9334. Determine c(88).
-6
Let n(f) = -f**3 + 19*f**2 - 17*f + 44. Give n(18).
62
Let b(o) = -o**3 + 5*o**2 + 234*o + 9. What is b(18)?
9
Let o(c) = 13*c + 251. Calculate o(-27).
-100
Let j(m) = m**2 + 20*m + 116. Calculate j(-15).
41
Let c(y) = -2*y + 229. Determine c(0).
229
Let z(f) = f**2 + 48*f + 137. What is z(-42)?
-115
Let g(w) = w**3 - 9*w**2 + 183. Determine g(7).
85
Let y(l) = -39*l + 13. Determine y(-2).
91
Let w(i) = -26*i + 263. Determine w(7).
81
Let z(h) = -3*h**2 - 70*h - 336. Calculate z(-18).
-48
Let p(y) = 7*y**2 + 5*y - 27. Determine p(8).
461
Let w(i) = -3*i + 53. What is w(36)?
-55
Let t(j) = -2*j**2 + 24*j + 130. Determine t(16).
2
Let l(j) = -3*j**3 - 34*j**2 + 8*j + 198. Give l(-10).
-282
Let j(q) = -2*q**2 + 1528*q - 3044. Determine j(2).
4
Let b(r) = 7*r**3 + 7*r**2 - 6*r + 12. Give b(-2).
-4
Let d(u) = u**3 + 6*u**2 + 566*u + 4021. Calculate d(-7).
10
Let i(c) = 1041*c - 4170. Give i(4).
-6
Let w(f) = f**3 - 16*f**2 + 3*f - 93. What is w(16)?
-45
Let z(f) = f**2 - 312*f + 1826. What is z(306)?
-10
Let y(t) = t**2 + 17*t + 66. Determine y(-9).
-6
Let b(d) = 19*d - 136. What is b(9)?
35
Let p(v) = 8*v**2 - 151*v + 12. What is p(0)?
12
Let p(i) = -87*i - 84. Calculate p(-1).
3
Let b(d) = d**2 + 4*d - 275. What is b(29)?
682
Let m(p) = p**3 + 79*p**2 + 136*p - 1436. Give m(-77).
-50
Let x(j) = 9*j + 228. Calculate x(-17).
75
Let o(l) = 56*l - 3506. Calculate o(63).
22
Let q(l) = -199*l + 2308. Determine q(12).
-80
Let r(q) = 4*q**2 - 84*q + 269. What is r(17)?
-3
Let x(g) = -g**2 + 4*g + 78. Calculate x(-5).
33
Let f(b) = b**3 - 23*b**2 - 11*b + 13. What is f(23)?
-240
Let q(w) = 4*w**3 + 593*w**2 - 104